 Suppose f*r = -8, -y + 3*y - 5*r = 44. Calculate the greatest common factor of 300 and y.
12
Suppose -585*r + 591*r - 30 = 0. Suppose 4*x = -5*u + 115, -27 = -r*x - 2. Calculate the greatest common factor of u and 209.
19
Let t be 1 + (234 - 1) + 1. Suppose -69*a - 82*a + 752 = -135*a. Calculate the highest common factor of t and a.
47
Let d = 128 - 40. Let j(g) = g + 94. Suppose -4*r = -3*f - 129 - 32, -r - 4*f = -26. Let w be j(r). Calculate the greatest common factor of d and w.
44
Let l = -7 - -36. Let w = 36 - l. Let o(f) = f**3 - 8*f**2 + 8*f + 1. Let z be o(w). What is the highest common divisor of z and 4?
4
Let w(b) = 4*b**2 - 30*b + 78. Let h be w(11). Let n be -6*(1 + (-21)/9). Calculate the greatest common divisor of n and h.
8
Let w = 111 - 127. Let j be (12/6*8)/((-2)/w). What is the greatest common divisor of 8 and j?
8
Let g = 27 + -24. Let q be (12/(-18))/(2*(-4)/72). Calculate the greatest common divisor of q and g.
3
Suppose 26*h + 164 - 632 = 0. What is the highest common divisor of h and 5949?
9
Let v = -38 - -53. Let n be (1*-3)/((-126)/35 + 3). Suppose 2*a - 111 = -n*p + 84, 5*p - 300 = -3*a. Calculate the greatest common factor of a and v.
15
Let m = -31 + 38. Suppose -m = 10*u - 17. Let h be (21 - 2)*(2 + -2 + u). What is the highest common divisor of 209 and h?
19
Let b = -18936 - -18952. Calculate the greatest common divisor of b and 21968.
16
Let t = 21 + -19. Let k be (1*2)/((-144)/(-69) - t). Suppose 3*f - 4 = k. What is the highest common factor of 6 and f?
3
Suppose 0 = -3*s - 3, -j + 5*s = j + 11. Let b(n) = -n - 8. Let m be b(j). Let r be (-3)/(452/(-220) + m + 2). What is the highest common factor of 5 and r?
5
Let c(r) = -r**2 - 35*r + 4. Let k be c(-26). Suppose 0 = -36*a + 34*a - 6. Let t = a + 37. What is the greatest common factor of t and k?
34
Let q be (4 + (-104)/20)/(10/(-5025)). Let x = q - 262. What is the greatest common factor of 155 and x?
31
Let k(l) = -12*l**3 - 2*l**2 - 4*l - 7. Let r be k(4). Let c = 824 + r. Let p(x) = -x + 7. Let v be p(6). What is the highest common divisor of c and v?
1
Suppose -3*p = -o + 26784, -8*o - 8*p = -11*p - 214209. Calculate the highest common divisor of o and 153.
153
Suppose -3*d + 102 + 136 = -p, -4*p = -4*d + 336. Let y(f) = -34*f - 3. Let h be y(-3). Calculate the greatest common divisor of d and h.
11
Let f = 43 - 19. Let j be 520/4*3 + (-186)/31. Calculate the highest common factor of f and j.
24
Suppose -28*r - 51*r - 377377 = -108*r. What is the greatest common divisor of r and 286?
143
Let h be 570/(-135) + (-2)/(-9). Let d(n) = -12*n - 19. Let q be d(h). What is the greatest common factor of 87 and q?
29
Suppose 4*z - 2*l - 666 = 96, 0 = -3*z + 2*l + 570. Let h be (-24)/((((-24)/78)/(16/104))/12). Calculate the greatest common factor of z and h.
48
Suppose -38*j + 208*j = 2040. What is the greatest common divisor of j and 508?
4
Let y = 20984 + -20972. Suppose 2*j + 5*n - 13 = j, 3*n + 29 = 4*j. What is the highest common factor of j and y?
4
Let x(h) = -18*h - 1540. Let o be x(-87). What is the greatest common divisor of o and 2379?
13
Let m = 86 - -2. Let z be (5/(-10)*-4)/(4/18). Let t be z/(-15)*(-22)/3*10. Calculate the greatest common factor of t and m.
44
Let x be ((-18)/(-7))/(2/14). Calculate the highest common divisor of 6498 and x.
18
Let j(l) = 68*l - 1902. Let k be j(28). Calculate the greatest common divisor of k and 804.
2
Let h(v) = -v**2 + 8*v + 57. Let q(d) = d**3 + 17*d**2 - 38*d + 11. Let n be q(-19). Let u be h(n). Calculate the greatest common factor of 6 and u.
6
Suppose 11 = -c + 3*m + 36, c = -3*m + 49. Let n = 10822 - 10637. Calculate the greatest common divisor of n and c.
37
Suppose -60*y + 1079 - 239 = 0. Suppose 3*x - 2*s - 74 = 0, 0 = -0*x - 3*x + s + 79. Calculate the greatest common divisor of y and x.
14
Let i(x) = -2*x**3 - 6*x**2 + x + 7. Let y be 4/((-12)/105) - 2. Let n = 33 + y. Let r be i(n). What is the greatest common divisor of 35 and r?
35
Let g be (20/30)/((-74)/(-2553)). Let s(i) = -i**3 + 5 + 2*i**3 - 18*i - 9*i**2 - 13*i**2. Let t be s(g). What is the greatest common factor of t and 30?
30
Suppose -31*q - 6*q = -12173. Let t = 11 - 4. What is the highest common factor of t and q?
7
Let b = -1 + -2. Let y be (-2559)/12 + 0 - b/12. Let o = y - -378. Calculate the highest common divisor of o and 15.
15
Suppose 2*u + a - 327 = 0, 62*u = 67*u - 2*a - 822. What is the greatest common factor of u and 1025?
41
Let l = -883 + 694. Let g = l + 254. What is the highest common divisor of g and 52?
13
Let j = 20 + -20. Suppose 2*g - k + 184 = -3*k, k + 2 = j. Let b = g - -140. Calculate the highest common factor of b and 50.
50
Suppose 0 = -2*m - 2*m + u + 37, -17 = -2*m - u. Suppose -m*y = -8*y - 12. Let f be 477/y + 9/(-12). What is the greatest common divisor of 26 and f?
13
Let v be (-8)/6 + 2*28/(-21). Let h be (v + 114/(-12))*1*-2. Suppose h = 8*i - 77. What is the greatest common divisor of 13 and i?
13
Let v = -67 - -71. Suppose -10*g + 19 = -5*f - 6*g, -v*f = g + 32. Let t be 36/f*(84/(-2))/6. What is the highest common factor of t and 90?
18
Suppose -308 + 257 = 27*o - 1563. What is the highest common divisor of o and 931?
7
Suppose 2*t = -f - 1, -20*t = -15*t + 10. Suppose -d + 395 = 32. What is the greatest common factor of f and d?
3
Let k(q) = -10*q - 15. Let d be k(-10). Let u be 2168/6*(-12)/8. Let o = u + 576. Calculate the greatest common divisor of d and o.
17
Let t = -214 + 218. Suppose 0 = 2*l + 4, t*l + 218 = 3*i - 0*l. Calculate the highest common factor of i and 14.
14
Let i be (-680)/(-28) - (-6)/(-21). Let n be (-7)/(5 + -7 - -1). Suppose 0 = n*r - 1523 + 179. What is the greatest common divisor of r and i?
24
Let w = -6882 + 12704. What is the highest common divisor of w and 123?
41
Let n = -8052 + 9092. What is the greatest common divisor of n and 325?
65
Let z be (-1 + -1)*-1 - -3. Suppose 118*b + 90 = -129*b + 256*b. What is the highest common divisor of z and b?
5
Let u = 292 - 183. Let o be u - 8/(5*(-4)/(-10)). What is the highest common divisor of o and 35?
35
Suppose -4*c + 361 = 2*o - 5*o, 5*o - 249 = -3*c. Suppose -158 + 204 = n - 2*b, 0 = 3*n + 5*b - 127. Calculate the greatest common divisor of c and n.
44
Suppose -4*z = -2*z - 4*p, 0 = -z + 3*p - 2. Suppose -3*y + 3*u + 114 = 0, z*u = y + 6*u - 50. What is the greatest common factor of y and 406?
14
Let o = 6 - -138. Let r(a) = a**3 + 4*a - 9. Let c be r(3). Suppose 36 = 32*s - c*s. What is the highest common factor of s and o?
18
Let g(t) = -7*t + 56. Let v be g(6). Suppose v*o - 63 = 5*o. What is the greatest common factor of 28 and o?
7
Let i(m) = -m**3 - 9*m**2 - 22*m - 21. Let z be i(-6). Suppose -2700 = -z*p - 12*p. What is the highest common divisor of p and 80?
20
Suppose -3*u - 72 = -2*p - 2*p, -u = -2*p + 36. Suppose 34*t = 621 + 2332 + 1331. What is the highest common divisor of t and p?
18
Let s = -98 - -114. Let a be (s + -8)*(-13)/(-2). Calculate the highest common divisor of 182 and a.
26
Suppose 5*u = w + 1681, 4*u - 18*w = -22*w + 1340. Calculate the highest common factor of u and 48.
48
Let g be 8 + 18/(-90)*-55. What is the highest common factor of 7 and g?
1
Let p = 8309 + -8244. Calculate the greatest common divisor of p and 2509.
13
Let j be (-16)/(-20)*-5 - 207/(-1). Suppose -15*u = -8*u - j. Calculate the highest common divisor of 87 and u.
29
Let g(m) = 61*m**2 - 44*m + 20. Let r be g(-4). What is the highest common divisor of r and 4?
4
Let n(x) = -x - 3. Let t be n(-6). Suppose -w + 96 = t*w. Suppose 5*h = -3*o + 160, 3*o - 4*h - 256 = -o. What is the highest common factor of o and w?
12
Suppose 47 = 3*x - 31. Let c = x + -60. Let l = c + 49. What is the highest common factor of 60 and l?
15
Let x(m) = -49*m - 87*m**2 - 22 - 4 + 90*m**2. Let l be x(17). What is the greatest common divisor of 4 and l?
4
Let o(l) = -6*l**3 + 3*l**2 - 7*l + 11. Let q be o(5). Let d = -389 - q. Let z be (-64)/(-48) - (-1 - d/6). Calculate the highest common factor of z and 27.
27
Let t(v) = 445*v - 35. Let l be t(3). Suppose -l = 101*j - 105*j. What is the greatest common divisor of j and 25?
25
Suppose 0 = 2*w - 8*w + 24. Suppose -b + 26 = -w*j, 5*b + 4*j - 5 = 5. Suppose 2*c + 156 = b*c. What is the greatest comm